) + -1 + 279/21. What are the prime factors of k(f)?
2, 19
Let x(z) be the third derivative of 29*z**4/24 + 15*z**3/2 + 49*z**2 + z. List the prime factors of x(6).
3, 73
Let i = 99 - -67. Suppose s = -2*t - 11 + i, -s = -2*t - 159. What are the prime factors of s?
157
Suppose -256*o = -3*y - 258*o + 34788, 2*o = -6. List the prime factors of y.
2, 3, 1933
List the prime factors of (287/35 - 9)*22130/(-4).
2, 2213
Let s(m) = -28*m - 393. Let o be s(-14). What are the prime factors of ((-4607)/(-1355))/((-1)/(-514 + o))?
17, 103
Suppose t = 3*s + 33 + 30, 5*t - 115 = 5*s. Let m(k) = 4*k**2 - 26*k - 50. What are the prime factors of m(s)?
2, 3, 5, 23
Let t = 14410 - -2531. What are the prime factors of t?
3, 5647
Let g be (-14)/21*-21 - (0 - -4). List the prime factors of (-240)/(-18)*(416/g - 2).
2, 3, 11
Let u(y) = 802*y + 5432. List the prime factors of u(14).
2, 5, 7, 17
Suppose -7*n - 204 = -218. List the prime factors of (172*9/3)/n*1.
2, 3, 43
Let g = 25227 - 12942. What are the prime factors of g?
3, 5, 7, 13
Suppose 25*c + 32887 = z + 20*c, -2*z + c = -65819. What are the prime factors of z?
2, 11, 17
Let g(v) = 439*v - 174. Let j be g(-33). What are the prime factors of (-20)/8 + (j/(-6))/3?
2, 7, 29
Let a(o) = -6*o - 6. Let j be a(7). Let f = -22 - j. Let c = 33 + f. List the prime factors of c.
59
Let i = 505 - 299. Let d(j) = 7*j**2 + 4*j - 12. Let k be d(4). Let r = i - k. What are the prime factors of r?
2, 3, 5
Let f(g) = 13*g + 5. Suppose 2*c + 2*v - 98 = 0, -5*c + 5*v + 186 + 19 = 0. Let l = c - 41. What are the prime factors of f(l)?
3, 19
Let h = -124 - -176. Let g = -52 + h. Suppose g = -22*y + 21*y + 7. What are the prime factors of y?
7
Let l = 2956 + -1850. Suppose -g - 206 = -l. What are the prime factors of g?
2, 3, 5
Let l be 2*-2*535/(-20). Suppose 252 = 2*w + 12*w. Suppose -w*r = -19*r + l. List the prime factors of r.
107
Suppose -1351 - 6384 = -7*r. Suppose 11*o - r - 7992 = 0. What are the prime factors of o?
827
List the prime factors of 400/(-240) - (-272552)/12.
13, 1747
Suppose -64*x + 62*x - 4*t + 9388 = 0, 3*x = 4*t + 14072. List the prime factors of x.
2, 3, 17, 23
Suppose 2*g + 3622 = y, -2*y + 7274 = -6*g + 8*g. Suppose 4*o = -0*o + y. What are the prime factors of o?
2, 227
Suppose 656*s - 372385 = 639*s. List the prime factors of s.
5, 13, 337
Suppose -5*x - 35 = 0, 40329 = c + 15*x - 19*x. List the prime factors of c.
191, 211
Suppose 3*d + 10 - 1 = -s, 28 = 4*s - 4*d. Suppose -s*x - 1 = 2, 465 = b + x. List the prime factors of b.
2, 233
Let g(b) = -3*b**2 + 6*b - 3. Let s be g(3). List the prime factors of s*5/10 + 41.
5, 7
Let s = 188 - 150. Suppose s*y - 65*y = -44577. List the prime factors of y.
13, 127
Suppose q = 5*r - 2*q - 14792, -5*r = 3*q - 14768. What are the prime factors of r?
2, 739
Let a be (-6)/(-4)*50/15. Suppose 2*u + 124 = 5*n + 29, 5*n - 110 = a*u. Suppose -15*f = -14*f - n. List the prime factors of f.
17
Let c = -16 + 23. Suppose -4*u - b = -429, 4*u + c*b - 12*b - 447 = 0. What are the prime factors of u?
2, 3
Let s be -15*9*6/81. Let x(m) = m**3 + 17*m**2 + 52*m - 17. What are the prime factors of x(s)?
163
Suppose -91*b = 39*b + 576733 - 1749853. List the prime factors of b.
2, 3, 47
Let g = 91 - 183. Let x = g + 97. Suppose 0 = x*n - 1420 + 400. List the prime factors of n.
2, 3, 17
Suppose -913 = -2*a - 2*t + 3055, 4*a - 4*t = 7896. Suppose -3*m + 16 = -a. What are the prime factors of m?
5, 7, 19
Let o(v) = 42*v**2 - 135*v - 2301. List the prime factors of o(-25).
2, 3, 11, 23
Let f(j) = -52 - 17 + 68 - 54 + 44*j. What are the prime factors of f(8)?
3, 11
Let h(l) = -26*l + 3. Let z be h(-2). Suppose 6*v - z = -5*v. List the prime factors of (1 - 0) + 380/v.
7, 11
Suppose -27*j - 68*j + 28*j + 672144 = 0. List the prime factors of j.
2, 3, 11, 19
Let n = 61986 - 25565. What are the prime factors of n?
7, 11, 43
List the prime factors of -2 + 254536/14 + 160/(-140).
2, 61, 149
Let t = 75 - 535. Let p = 66 - t. What are the prime factors of p?
2, 263
Suppose 23*s - 4*s - 874 = 0. Suppose -29*t = -s*t + 1411. List the prime factors of t.
83
Suppose 0 = -4*w - 5*u - 38 - 4, -4*u = -5*w - 73. Let n(a) = -a**2 - 17*a - 7. Let y be n(w). Suppose -s + y = -34. List the prime factors of s.
79
Let t be (62 - 0)*((-18)/(-12) + 0). Let q be ((-2)/(-4) - 1)*0. Suppose q = 4*z - 3*z - t. List the prime factors of z.
3, 31
Let v(k) = k**3 + 7*k**2 - 23*k - 13. Let p be v(-9). Let t(y) = y**2 - 15*y - 21. List the prime factors of t(p).
523
Let u(t) = 12*t + 27. Let j(y) = -6*y - 13. Let n(s) = 11*j(s) + 6*u(s). Let p be n(-3). List the prime factors of ((-493)/(-4) - p/4) + -1.
2, 61
Let n(q) be the second derivative of 5*q**3/3 + 9*q**2 - 31*q. List the prime factors of n(22).
2, 7, 17
Let y = 4630 - 2027. What are the prime factors of y?
19, 137
Let y be 8/14 + 1308/14. Let l = y + -82. What are the prime factors of (18/l)/(1/64)?
2, 3
Let t = -17079 + 18460. List the prime factors of t.
1381
Suppose 0*i + 245 = -7*i. What are the prime factors of 341 - (-1)/((-7)/i)?
2, 173
Suppose -95*o + 1386482 = -780658. List the prime factors of o.
2, 3, 1901
Suppose -v + 129 = -834. Let m = 1383 - v. What are the prime factors of m?
2, 3, 5, 7
Let o be (-232 + (-5)/5)/((-1)/1). Suppose -z - z = 0. Suppose -5*c + 2*a = -o - 112, 4*c - 5*a - 293 = z. What are the prime factors of c?
67
Let k(a) = 6*a + 40. Let f be k(-6). Let n be 4/((-40)/2946) - f/10. Let t = n + 468. List the prime factors of t.
173
List the prime factors of -822*(1/(-3) - 4309/186).
3, 47, 137
Let v = -53 - -49. Let w be v/(-14) - (-456)/21. Suppose -w*p + 80 = -18*p. What are the prime factors of p?
2, 5
Let i(t) = 201*t**2 + 49*t - 185. List the prime factors of i(18).
7, 9403
Let d(k) = k**3 - 5*k**2 + 4*k + 3. Let s be d(5). Suppose -s = -t - 17. List the prime factors of t/6*(-15)/(2 + -3).
3, 5
Let j(c) = -5*c + 19. Let p(v) = 19 - 4 + 8 - 15*v + 34. Let y(n) = 11*j(n) - 4*p(n). List the prime factors of y(8).
3, 7
Suppose 0 = -m + 9 - 5. Suppose 0*q + m*q + 5*i = 62, -2*q + 22 = -2*i. Let a = q + 107. What are the prime factors of a?
2, 3, 5
Suppose 0 = 4*i - g - 8396, -3*g = 6 + 6. Suppose 5*u - i - 1662 = 0. List the prime factors of u.
2, 47
Let s(t) be the second derivative of -5*t**3/3 - 11*t**2/2 - 6*t. Let x be s(-13). Suppose 0 = v - 8*v + x. What are the prime factors of v?
17
Let f(w) = 7*w**2 - 37*w - 29. Let z(o) = 15*o**2 - 74*o - 57. Let l(y) = 5*f(y) - 2*z(y). What are the prime factors of l(16)?
3, 73
Suppose 2*o = -7*o + 81. Suppose -7*p + o*p = -104. Let j = 74 + p. What are the prime factors of j?
2, 11
Let p = 95 - 92. Let z(j) = 6*j - p*j - 7 - 9*j. List the prime factors of z(-5).
23
Let s = 45 - 41. Suppose -2 = -4*x - v, 3*x + x + 8 = s*v. List the prime factors of (-12)/(-48) - (279/(-4) - x).
2, 5, 7
Suppose -4 = 69*d - 67*d. Let a be d/(-6) - (22/(-6) + 1). Suppose -a*l + l + 32 = 0. List the prime factors of l.
2
Let s(v) = -2*v + 48. Let u be s(19). Suppose -768 = -12*k + u*k. What are the prime factors of k?
2, 3
Let y(m) = m + 20. Let z be y(-18). Suppose z*v = -v. Suppose 5*r - 2*i - 23 - 494 = v, 3*r - 305 = -4*i. What are the prime factors of r?
103
Suppose 18*t + 16292 = 5*n + 16*t, 2*n + 4*t - 6536 = 0. What are the prime factors of n?
2, 5, 163
Let t = -6044 + 14230. List the prime factors of t.
2, 4093
Let g(x) = 111*x - 11. Let u(a) = 6*a**3 + 2*a**2 + 3*a + 2. Let w be u(-1). Let r be g(w). Let s = -398 - r. List the prime factors of s.
2, 3, 7
Let c(y) be the first derivative of -21*y**2 - 45*y - 4. List the prime factors of c(-11).
3, 139
Suppose 0 = -4*m + v + 31, 20*v + 35 = 4*m + 23*v. Suppose m*x - 6655 + 2151 = 0. List the prime factors of x.
563
Let u be (2/4)/(10/20). Let x be (u/3)/((-11)/99). List the prime factors of x/((2*4/(-120))/4).
2, 3, 5
Let l = 17819 + -9674. List the prime factors of l.
3, 5, 181
Suppose -4*k + 5*k = 5. Suppose 2*x = 3*y - 3*x + 296, -k*y - 3*x = 516. Let r = y - -202. List the prime factors of r.
2, 5
Suppose 85 = 20*d - 15. Let b be (6/9)/((-1)/(-6)). Suppose 0 = -2*y - d*g + 193 + 93, -3*y = -b*g - 475. What are the prime factors of y?
3, 17
Suppose 4*t + 7*g - 246393 = -68648, -t = -3*g - 44403. What are the prime factors of t?
2, 3, 